165*z + 5823. Calculate i(-5).
-2
Let q(w) = -w**3 + 101*w**2 + 748*w - 16. Give q(-7).
40
Let h(t) = 6*t**2 - 75*t + 181. What is h(6)?
-53
Let n(i) = -i**3 - 59*i**2 + 11*i + 650. Calculate n(-59).
1
Let a(p) = p**3 - 19*p**2 - 248*p - 110. Give a(28).
2
Let g(b) = 32*b**2 - 276*b - 5. Calculate g(8).
-165
Let i(w) = -3*w**3 + 44*w**2 - 169*w + 15. What is i(8)?
-57
Let y(z) = -1487*z + 62464. Determine y(42).
10
Let r(k) = 2*k**3 - 17*k**2 + 20*k - 231. Determine r(9).
30
Let p(q) = 22*q + 1440. Determine p(-66).
-12
Let f(v) = -2199*v - 53. What is f(0)?
-53
Let z(r) = 2*r**2 - 15*r + 8. What is z(-4)?
100
Let j(u) = 3*u**2 + 14*u - 274. Give j(-12).
-10
Let k(b) = 21*b - 184. Determine k(9).
5
Let m(n) = -4*n**2 + 72*n - 57. Determine m(1).
11
Let d(g) = g**3 - 9*g**2 - 70*g - 107. Calculate d(-3).
-5
Let q(b) = -b**2 + b - 222. Calculate q(15).
-432
Let t(g) = 86*g - 196. What is t(2)?
-24
Let p(s) = -165*s**2 + 1652*s - 22. Determine p(10).
-2
Let w(l) = 12*l**3 + 264*l**2 - 10*l - 315. What is w(-22)?
-95
Let f(k) = k**3 + 15*k**2 + 126*k + 3247. What is f(-18)?
7
Let v(r) = -3795*r + 98676. Give v(26).
6
Let r(c) = -c**2 + 76*c - 540. What is r(7)?
-57
Let j(q) = 72*q - 4756. Give j(66).
-4
Let n(r) = 4*r**3 + 8*r**2 + 10*r + 15. Give n(-2).
-5
Let j(q) = q**2 + 44*q + 104. Calculate j(-35).
-211
Let j(i) = 451*i + 29. Determine j(0).
29
Let o(w) = -w**3 + 16*w**2 + 17*w + 55. Determine o(17).
55
Let d(o) = 91*o - 27. What is d(-2)?
-209
Let l(u) = u**3 - 19*u**2 + 86*u - 22. Give l(12).
2
Let m(i) = 1224*i + 3603. Give m(-3).
-69
Let c(w) = -7*w**2 - 35*w + 25. Calculate c(-8).
-143
Let o(n) = 14*n**2 + 101*n + 148. Determine o(-6).
46
Let p(x) = -390*x + 466. What is p(2)?
-314
Let m(g) = -6*g**2 - 53*g - 128. Calculate m(-9).
-137
Let q(t) = -356*t + 1662. Determine q(5).
-118
Let i(s) = -s**3 + 27*s**2 - 49*s + 5. Determine i(25).
30
Let l(q) = -q**2 - 48*q - 98. Determine l(-47).
-51
Let v(n) = 8*n + 1728. Give v(-215).
8
Let k(h) = h**2 - 74*h - 492. Determine k(78).
-180
Let c(z) = -z**3 - 25*z**2 + 89*z + 146. Calculate c(-28).
6
Let d(w) = 25*w + 127. Give d(-6).
-23
Let d(o) = 3*o**2 + 20*o + 17. What is d(-12)?
209
Let y(i) = i**3 + 71*i**2 + 799*i + 56. Calculate y(-57).
-1
Let t(u) = 181*u + 11. Calculate t(-1).
-170
Let c(a) = -4*a**2 - 358*a + 1290. Determine c(-93).
-12
Let g(s) = s**2 - 215*s + 6299. What is g(35)?
-1
Let s(j) = j**3 + 21*j**2 - 34*j + 277. Give s(-23).
1
Let l(f) = -34*f**2 - f - 18. Give l(-3).
-321
Let o(l) = -6*l**2 - 93*l - 180. Give o(-2).
-18
Let w(h) = -h**2 - 19*h - 51. Determine w(-9).
39
Let p(t) = -2*t**3 - 269*t**2 + 684*t - 125. Give p(-137).
12
Let c(w) = 2*w**2 + 9*w - 702. What is c(-21)?
-9
Let w(b) = -8*b**2 + 42*b + 16. Determine w(9).
-254
Let x(l) = 37*l**2 - 630*l + 18. Determine x(17).
1
Let m(y) = -9*y**2 - 296*y + 1338. Calculate m(4).
10
Let s(l) = 20*l**3 + l**2 - 36*l - 78. Calculate s(-2).
-162
Let a(y) = -y**2 - 12*y + 134. Determine a(7).
1
Let n(u) = -22509*u + 67534. What is n(3)?
7
Let m(k) = 23*k - 275. Calculate m(18).
139
Let l(h) = -h**2 + 24*h - 146. Determine l(8).
-18
Let p(l) = 18*l**2 - 16. Determine p(0).
-16
Let p(j) = 236*j - 1187. What is p(5)?
-7
Let b(w) = -w**3 - 42*w**2 - 263*w + 311. What is b(-34)?
5
Let k(t) = 181*t + 224. What is k(-4)?
-500
Let i(m) = -m**2 - 30*m - 143. Determine i(-25).
-18
Let x(y) = -36*y + 24. What is x(2)?
-48
Let s(u) = -2*u**3 - 10*u**2 - 28*u - 9. Give s(-3).
39
Let p(v) = -890*v - 862. What is p(-1)?
28
Let h(n) = -6*n**2 - 305*n - 217. Determine h(-50).
33
Let r(m) = 611*m + 77604. What is r(-127)?
7
Let t(d) = -7*d**3 + 11*d**2 - 16*d + 30. What is t(2)?
-14
Let d(b) = 5*b**3 - 15*b**2 - 12*b + 2. Give d(-1).
-6
Let i(h) = -h**2 + 28*h + 352. What is i(-9)?
19
Let t(i) = -51*i + 9. Give t(-6).
315
Let o(t) = t**3 + 18*t**2 - 45*t + 1. Give o(-20).
101
Let z(k) = -24*k - 95. What is z(-4)?
1
Let g(t) = -12*t + 647. What is g(63)?
-109
Let x(o) = -16*o**2 + o + 23. Calculate x(-3).
-124
Let z(s) = s**3 + 29*s**2 + 34*s + 137. What is z(-28)?
-31
Let l(j) = -j**3 - 7*j**2 - 37*j - 136. Determine l(-6).
50
Let c(q) = 8*q - 100. Calculate c(-31).
-348
Let m(f) = -8*f**2 + 37*f + 276. Give m(-7).
-375
Let u(w) = 519*w - 2202. Give u(4).
-126
Let d(z) = -z**2 + 6*z + 44. Give d(15).
-91
Let z(r) = -2315*r - 94918. Determine z(-41).
-3
Let s(r) = -2*r**3 - 45*r**2 + 2*r + 516. Calculate s(-22).
-12
Let s(w) = 44*w**2 + 6*w - 60. Calculate s(5).
1070
Let p(s) = -5312*s + 63751. Give p(12).
7
Let s(y) = 14*y + 157. Give s(-20).
-123
Let r(a) = a**2 - 8*a + 6. What is r(0)?
6
Let t(r) = -r**3 - 7*r**2 + 265*r + 1616. Calculate t(-6).
-10
Let z(g) = -g**3 + 20*g**2 - 38*g + 4091. Give z(25).
16
Let g(u) = u**2 + 119*u + 333. Give g(-116).
-15
Let a(g) = g**3 + 8*g**2 + 10*g + 17. Calculate a(-4).
41
Let u(n) = -n**3 + 13*n**2 + 54*n + 34. Give u(-3).
16
Let k(u) = 87*u - 9317. Determine k(108).
79
Let h(k) = -3*k**3 - 228*k**2 + 6*k + 455. Determine h(-76).
-1
Let r(o) = -o**2 + 41*o + 1057. Calculate r(-18).
-5
Let v(y) = -y**3 + 6*y**2 + 20*y - 54. What is v(6)?
66
Let w(g) = 388*g - 365. What is w(1)?
23
Let r(x) = -x**3 + 2*x**2 + 3*x - 24. Determine r(0).
-24
Let u(h) = -2*h**3 + 42*h**2 - 113*h + 1. What is u(17)?
392
Let z(k) = k**3 + 4*k**2 - 15*k - 21. Calculate z(-7).
-63
Let w(l) = 997*l + 53842. What is w(-54)?
4
Let m(j) = 43*j - 87. Calculate m(2).
-1
Let z(t) = t**3 + 9*t**2 - 19*t + 6. Calculate z(-11).
-27
Let f(i) = -i**2 + 27*i - 97. Calculate f(20).
43
Let w(g) = g**2 - 18*g - 6. Determine w(19).
13
Let q(b) = 14*b**3 + 3*b**2 - 215*b + 650. Give q(3).
410
Let g(q) = -156*q + 1574. Calculate g(10).
14
Let z(a) = -1264*a - 26564. Calculate z(-21).
-20
Let m(n) = n**3 - 34*n**2 - 45*n + 61. Determine m(35).
-289
Let f(m) = 11*m + 354. Give f(-33).
-9
Let j(c) = -c**3 - 24*c**2 - 38*c + 151. Give j(-22).
19
Let c(r) = -r**2 + 16*r - 6. What is c(14)?
22
Let c(m) = -m**3 + 12*m**2 + 10*m + 8. Calculate c(13).
-31
Let c(h) = 6*h - 87. What is c(19)?
27
Let l(u) = 347*u**3 + 9*u**2 - 12*u + 4. Determine l(1).
348
Let n(j) = 167*j + 2. Determine n(0).
2
Let n(p) = p**2 + 41*p - 293. Give n(11).
279
Let y(t) = -128*t - 1277. What is y(-10)?
3
Let m(q) = -44*q + 1623. Give m(37).
-5
Let s(m) = -238*m + 23076. Give s(97).
-10
Let r(v) = 8*v**3 + 17*v**2 + 2*v + 2. Calculate r(-2).
2
Let z(q) = 17*q**2 + 69*q + 30. Calculate z(-3).
-24
Let m(h) = 5*h**2 - 90*h + 415. Determine m(8).
15
Let o(h) = h**3 - 11*h**2 + 8*h + 5. What is o(0)?
5
Let x(c) = -27*c - 899. Determine x(-32).
-35
Let b(k) = k**3 + 8*k**2 + 11*k - 24. Give b(-5).
-4
Let x(q) = 19*q**2 + 12*q + 10. Calculate x(-2).
62
Let y(f) = -28*f + 259. What is y(22)?
-357
Let k(r) = -88*r + 1851. Give k(21).
3
Let i(q) = 65*q + 506. Determine i(-8).
-14
Let r(f) = f**3 + 2*f**2 - 44*f + 44. What is r(-9)?
-127
Let a(o) = 287*o**3 - 14*o + 13. Give a(1).
286
Let o(w) = -w**3 - 7*w**2 + 35*w - 8. Give o(-12).
292
Let j(r) = r**3 - 14*r**2 + 33*r - 16. Give j(8).
-136
Let i(b) = 4567*b + 36525. Give i(-8).
-11
Let i(u) = -u**2 - 175*u - 1648. Give i(-10).
2
Let s(v) = -139*v - 2093. What is s(-15)?
-8
Let l(m) = 223*m + 2918. What is l(-13)?
19
Let d(i) = -i**2 + 30*i + 113. Give d(-5).
-62
Let d(r) = 4*r**2 + 462*r + 688. What is d(-114)?
4
Let s(a) = 2*a**2 + 2*a - 347. Determine s(0).
-347
Let s(o) = -o**2 - 35*o - 292. Determine s(-16).
12
Let f(t) = 30*t + 232. Determine f(-5).
82
Let x(z) = 145*z + 10670. Calculate x(-74).
-60
Let c(g) = -g**2 + 131*g - 4096. Give c(80).
-16
Let r(d) = -5*d**3 + 18*d + 40. Calculate r(-2).
44
Let v(o) = -o - 5. What is v(4)?
-9
Let z(p) = 4*p**3 - 19*p**2 - 72. What is z(6)?
108
Let w(r) = -r**3 + 23*r**2 - 83*r + 55. Calculate w(18).
181
Let b(j) = 5*j**2 - 652*j - 385. What is b(131)?
8
Let v(a) = -38*a - 98. Give v(-5).
92
Let r(b) = 116*b - 1429. Determine r(8).
-501
Let b(q) = q**3 - 6*q**2 - 13*q + 46. Calculate b(-3).
4
Let c(d) = -272*d - 13. What is c(3)?
-829
Let k(l) = -l**2 - 286*l + 8791. What is k(28)?
-1
Let f(s) = -10*s + 26. Determine f(5).
-24
Let z(w) = 60*w - 2229. Determine z(37).
-9
Let s(a) = -2*a**3 - 18*a**2 + 185*a + 1664. Calculate s(-9).
-1
Let b(z) = 18*z - 951. What is b(29)?
-429
Let u(g) = 